 = -2*p + 5 + 2*p + 6*p + 3*p + 11*p. Calculate q(1).
25
Suppose -4*t + 5*x + 14 + 9 = 0, 5*t = x + 13. Let u(v) be the third derivative of 0 - 1/6*v**3 + 1/12*v**4 + 18*v**2 + 0*v. Calculate u(t).
3
Let o(l) = -126 - 5*l + 370 - 125 - 124. Determine o(-2).
5
Suppose -n = -2*n - 5*x + 9, -2*n - 2*x + 10 = 0. Let y(h) = 2*h**3 + 5*h + n*h - 3*h**2 - 1 - 2*h**2 - 5*h. Determine y(3).
20
Let r(u) = u + 36. Suppose 45*x + 72*x = 2601 - 7515. What is r(x)?
-6
Let l(n) = -9*n - 3*n**2 + 6 + 5 + 10 + 12 - 27. What is l(-4)?
-6
Suppose -73*w + 65 + 268 = -470. Let x(n) = n**3 - 9*n**2 - 16*n + 14. Determine x(w).
80
Suppose 0 = -6*j + 5*o + 136, -4*j + 5*j - 18 = 2*o. Let l(n) = -6*n + 127. What is l(j)?
-29
Let i(f) = 57*f + 5190. Let q be i(-91). Let j(a) = 10*a**2 - 4. Determine j(q).
86
Let b(c) be the second derivative of 4/3*c**3 + 5 + 1/12*c**4 + 7/2*c**2 + 12*c. Calculate b(-8).
7
Let d = 3473 - 3470. Let p(k) be the third derivative of 0 - 1/24*k**4 - 2*k**d + 0*k - 9*k**2. Calculate p(-7).
-5
Let q be (9 - 20)*(-1 + 2). Let h(b) = 33*b**2 - 2*b + 1. Let x(u) = -65*u**2 + 4*u - 2. Let l(t) = q*h(t) - 6*x(t). Determine l(1).
26
Let f(m) = -2*m**3 - 13*m**2 - 7*m - 13. Let i be (110 - 106)*6/(-4). Calculate f(i).
-7
Let w(o) = -o**2 + 2*o. Let a(k) = -14*k + 45. Let d(j) = -2*j. Let l(b) = a(b) - 5*d(b). Let y be l(10). Calculate w(y).
-15
Let l(a) = -a**3 - 7*a**2 + 9*a. Let m be 42/(-30) + (-3)/5. Let o be (-1 - m)/1*19. Suppose o*j - 24*j - 40 = 0. Calculate l(j).
-8
Let a(b) = 2*b**2 - b - 4. Let x(q) = q + 1. Let s(h) = a(h) + 3*x(h). Let z be s(1). Let f(c) = -331*c + c**z - 2*c**3 + c**2 + 330*c. Calculate f(0).
0
Suppose -w = -6*w - 60. Let q(t) = 6 - 2 + 11 - 2*t**2 - 23*t. Let k be q(w). Let i(x) = 2*x. Determine i(k).
6
Let b(j) = -7*j**3 - 6*j**2 - 16*j - 17. Let g(x) = -26*x**3 - 24*x**2 - 60*x - 67. Let f(t) = -11*b(t) + 3*g(t). Give f(-6).
10
Let x(c) = c**3 - 6*c**2 - 2*c. Let z = 416 + -416. Suppose s - 47 + 41 = z. Calculate x(s).
-12
Let v(z) be the second derivative of -z**4/12 + z**3/2 + z**2 - 241*z. Let l = -122 + 125. Calculate v(l).
2
Suppose -z = -3*t + 7, -8*z = -3*t - 5*z + 3. Let g(c) = -c + 1. Let y(i) = -4 + 5 - 8*i + 0. Let m(w) = t*g(w) - y(w). Calculate m(-4).
-18
Let w be -5 + 3 - (-15)/5. Let k(j) = -6*j - j**2 + 6 + w - 2. Suppose -3*i - 2*l - 16 = 0, 9 = -4*i - 4*l - 11. Give k(i).
5
Let j(v) = v**2 - 6. Let q = 469 + -464. Calculate j(q).
19
Suppose 2*o + 2*d = 0, 7*o = 2*o - 2*d. Let u be (o/((-35)/(-7)))/3. Let n(s) = s**2 - s - 9. Determine n(u).
-9
Let p be 10/(-40) - (-4)/16. Suppose p = 7*v + 11*v + 180. Let s(u) = -u - 4. Give s(v).
6
Let w(u) be the second derivative of u**4/12 - u**3/6 - u**2 - 3066*u + 2. Give w(6).
28
Let m(g) = 8*g - 51. Suppose -9*u - 3*p = -12*u + 30, 5*p + 34 = 3*u. Determine m(u).
13
Let n = 108 + -120. Let c be (1 - (-5)/(-1))/(8/n). Let x(f) = -f**2 - f - 7. Let o(z) = -z**2 - 7. Let v(y) = -6*o(y) + 5*x(y). What is v(c)?
13
Let a(p) = 8*p + 26. Let s be a(-4). Let u(d) = -11*d**2 + 9*d + 3. Let k(j) = -13*j**2 + 9*j + 4. Let w(l) = 6*k(l) - 7*u(l). Give w(s).
21
Suppose 0 = l + 11 + 15. Suppose 0*o = o + 30. Let q = l - o. Let a(k) = 3*k + 1. What is a(q)?
13
Let l(z) be the first derivative of -z - 64 + 1/4*z**4 + 7/2*z**2 + 8/3*z**3. Let k(c) = -c**2 + 5*c + 7. Let b be k(7). Give l(b).
-1
Let i(u) = 7*u - 38. Let s be (1*(-72)/(-120))/(1/(-10)). Determine i(s).
-80
Suppose 5*c + 8 = -2*k + 35, 0 = 3*c + 5*k - 1. Let m(a) = -a**2 + 9*a - 8. Give m(c).
6
Let p(l) = -l**2 + 9*l + 10. Let o = 776 - 681. Suppose 0 = -o*d + 72*d + 253. Determine p(d).
-12
Let z(l) = 2*l**2 - 67*l - 105. Let d(k) = -635*k + 1940. Let m be d(3). What is z(m)?
0
Suppose -6*x + 237 = 201. Let r(p) = -4*p + 9. Let n(j) = 2*j - 2. Let t(u) = x*n(u) + 2*r(u). Calculate t(-3).
-6
Let y(h) = 3*h - 33. Let w be y(12). Let a(s) = 14*s - 22. Give a(w).
20
Let h(p) be the first derivative of -p**4/4 - 7*p**3/3 - p**2 + 8*p - 355. Give h(-7).
22
Let k(w) = -w**3 - 13*w**2 + 12*w + 6. Let p be (-7 + 2 + (25 - 23))/(3/14). Determine k(p).
34
Let h(b) = -b**2 - 1. Let v be h(0). Let s(j) = 506*j - 4. Let a(z) = 3048*z - 24. Let u(f) = -a(f) + 6*s(f). Give u(v).
12
Let a(c) = 3*c + 2. Let q(s) = s + 1. Let w = -14 - -27. Let m be (w/39)/((-1)/(-12)). Let l(d) = m*q(d) - a(d). Calculate l(-5).
-3
Let l(o) = 6*o**2 - 15*o + 1. Let u(s) = 5*s**2 - 12*s + 1. Let v(y) = 4*l(y) - 5*u(y). Let d(a) = a. Let z be d(-3). Determine v(z).
-10
Let l(o) = -3*o - 51. Let j be (-38)/6*6/2. Let q be l(j). Suppose 6*t - 3*t + q*t = 0. Let s(r) = -r**3 - 1. Determine s(t).
-1
Let j be 8/(-36) + (-12)/(-27)*-22. Let g(w) = -w**3 - 10*w**2 - 8*w - 14. What is g(j)?
66
Suppose 172 = 4*b + 164. Let v(j) = -14*j + 9*j - 3 - j**b + 10*j. Suppose -4*g = -2*h - 20, 13 = g + 2*h - 2. Calculate v(g).
-17
Let n(q) be the second derivative of -q**3/3 + q**2 + 2*q. Let d be (-10)/65 + (7578/(-39))/(-2). Let l = -94 + d. What is n(l)?
-4
Suppose -26*l + 170 = -21*l. Suppose 0 = 6*x + 10 - l. Let j(y) = 7*y + 9 - 14 - x*y. Determine j(4).
7
Let m(d) = -d**3 + 17*d**2 + 16*d + 29. Let v be (11*9/528)/((-1)/4)*-24. Calculate m(v).
-7
Suppose 135*b + 2*k = 138*b - 1, 0 = -b + 4*k - 3. Let q(m) = -33*m**2 + 2*m - 1. Give q(b).
-32
Let u(k) = 16*k**2 + 56*k + 41. Suppose 14*z = 18*z + 44. Let v(i) = -6*i + 10*i + 7*i + 3 + 5 + 3*i**2. Let s(c) = z*v(c) + 2*u(c). What is s(-6)?
12
Let m = 15005 + -15005. Let o(h) = -h**2 + h + 21. Give o(m).
21
Suppose q + 8*f - 4*f = -14, -2*q = 5*f + 13. Suppose -q*k = k - 14. Let t(x) = 0*x - 32*x**2 - 5 - 4*x + 33*x**k. Give t(5).
0
Let i(s) = s**3 - 3*s**2 - 3*s - 1. Let f(t) = -6*t**3 + 15*t**2 + 15*t + 4. Let d(x) = 2*f(x) + 11*i(x). Let v = -3960 - -3957. Determine d(v).
6
Let j(z) = 23*z**3 - 4*z**2 + 8*z + 7. Let x(v) = -v**3 + v**2 - v - 1. Let y(m) = -j(m) - 6*x(m). Suppose 8*u - 94 = 50. Suppose 21*n + u = 3*n. What is y(n)?
16
Let d(u) = -117*u + 2. Let o = -5757 + 5758. Calculate d(o).
-115
Let j(t) be the second derivative of t**3 + 20*t**2 + 166*t - 5. What is j(-8)?
-8
Suppose -20 = -12*x + 112. Let t(b) = -2*b**3 + 21*b**2 + 13*b - 21. Determine t(x).
1
Let j be (7 + -3 + -1 + -1)/1. Suppose -g + 15 = -j*p, 17*g - 20*g = p - 17. Let y(q) = -q**3 + 6*q**2 + 6*q. Determine y(g).
-7
Let k(p) = -3*p + 20. Let u = -47 - -76. Suppose 20*d - u = 16*d + j, 0 = 2*d + j - 19. What is k(d)?
-4
Let k(f) = -3*f + 23. Let q = 1835 + -1813. Give k(q).
-43
Let d(b) = -2*b**2 + 15*b + 8. Let l be (-570)/(-40) + (-33)/(-44) + -7. Give d(l).
0
Let s(a) = -24*a**2 + a + 3. Let u be s(-1). Let b be -7 - (6 + u + 4). Let m(q) = -q**2 + 5*q + 2. Calculate m(b).
2
Let m(l) = 3*l**3 - 17*l**2 + l - 10. Let b(j) = -2*j**3 + 9*j**2 - 2*j + 5. Let i(y) = 5*b(y) + 3*m(y). Calculate i(-3).
-11
Suppose 31 + 28 = -3*d - o, 0 = -4*d + 2*o - 92. Let i(u) = u**3 + 23*u**2 + 40*u - 37. Calculate i(d).
5
Let r(l) be the third derivative of -l**4/6 - l**3/6 - l**2. Suppose -75*g + 80*g = -1185. Let s = 238 + g. What is r(s)?
-5
Let r(w) = 96*w + 88*w + 90*w + 91*w - 44 - 370*w. Determine r(-8).
-4
Let f(t) = t**3 - 2*t. Suppose -10*y + 54 = 14. Suppose -3*s = -8 - y. Suppose -2*a = j + 8, 0 = 5*j + s*a - 2*a. Determine f(j).
4
Let p(m) = m - 6. Let w(t) = t**3 + 9*t**2 + 9*t - 1. Let c be w(-7). Suppose -3*y = -5*q - 12, -22 + c = 3*y - 4*q. Determine p(y).
-2
Let y(z) = 22044*z - 4 - 44096*z + 22026*z. What is y(-1)?
22
Let i = -135 + 139. Let h be (-9*i/(-24))/(9/12). Let y(v) = 2*v**2 + v. Calculate y(h).
10
Let j(u) be the third derivative of -u**6/720 - u**5/120 - 59*u**4/24 + 6*u**2. Let g(s) be the second derivative of j(s). What is g(3)?
-4
Let t(c) be the second derivative of 98*c + 0 + 3/2*c**2 + 1/6*c**3. Determine t(-7).
-4
Suppose -66*j + 72*j - 252 = 0. Let z = j - 35. Let l(f) = f**2 - 5*f - 7. What is l(z)?
7
Let m(p) = p**2 + 3*p - 4. Let q = 15582 + -15581. Give m(q).
0
Let o(f) = -f**3 + 4*f**2 - f - 5. Let z be o(3). Let v be (5 - 5)/(-4) - (0 - z). Let p(g) = -231*g + 230*g - v - 1. Calculate p(4).
-6
Let m(c) = -2*c**2 - 8*c + 5. Let t be m(-4). Let p(j) = t - 12 - 1 - j. Let q(d) = d + 9. Let v(z) = -2*p(z) - 3*q(z). What is v(-8)?
-3
Let t = 104 - 98. Let c(h) = -h**3 + 7*h**2 - 8*h + 7. Calculate c(t).
